782074.
2, 3, 47, 467, 3257
List the prime factors of 912040378.
2, 17, 26824717
List the prime factors of 154471847.
154471847
List the prime factors of 43409286.
2, 3, 2411627
List the prime factors of 74819343.
3, 1913, 13037
What are the prime factors of 539879470?
2, 5, 13, 4152919
What are the prime factors of 3492907704?
2, 3, 11, 13, 113083
What are the prime factors of 335676145?
5, 7, 23, 416989
What are the prime factors of 2064016393?
17, 121412729
List the prime factors of 191807878.
2, 95903939
What are the prime factors of 30994260?
2, 3, 5, 11, 151, 311
List the prime factors of 221410949.
23, 9626563
What are the prime factors of 70238275?
5, 103, 27277
List the prime factors of 5222892315.
3, 5, 29, 12006649
What are the prime factors of 3484832038?
2, 29, 60083311
List the prime factors of 296756519.
211, 1406429
List the prime factors of 81423524.
2, 7, 13, 17207
List the prime factors of 39892685.
5, 7, 19, 239, 251
What are the prime factors of 15200845?
5, 11, 313, 883
What are the prime factors of 2716173097?
11, 31, 53, 137, 1097
List the prime factors of 141144364.
2, 31, 179, 6359
What are the prime factors of 1937114041?
421, 661, 6961
List the prime factors of 23293004.
2, 7, 831893
List the prime factors of 202067520.
2, 3, 5, 210487
What are the prime factors of 554096984?
2, 7, 163, 60703
What are the prime factors of 306462870?
2, 3, 5, 7, 486449
List the prime factors of 663328703.
19, 661, 52817
What are the prime factors of 37788857?
37788857
List the prime factors of 7834970.
2, 5, 11, 13, 5479
What are the prime factors of 403538914?
2, 487, 414311
What are the prime factors of 4239639?
3, 139, 3389
What are the prime factors of 183485852?
2, 11, 379103
What are the prime factors of 240281957?
113, 1213, 1753
List the prime factors of 194069907.
3, 2393, 9011
What are the prime factors of 10215423?
3, 67, 5647
List the prime factors of 1529827662.
2, 3, 11, 29, 61, 13103
What are the prime factors of 320944492?
2, 11, 7294193
List the prime factors of 145187850.
2, 3, 5, 967919
List the prime factors of 237410620.
2, 5, 523, 22697
What are the prime factors of 1165501?
173, 6737
What are the prime factors of 17157202?
2, 547, 15683
List the prime factors of 266307355.
5, 53261471
List the prime factors of 46376006.
2, 59, 393017
List the prime factors of 74225370.
2, 3, 5, 23, 97, 1109
What are the prime factors of 205186997?
239, 389, 2207
What are the prime factors of 1748360512?
2, 17, 73, 22013
List the prime factors of 67876038.
2, 3, 3770891
What are the prime factors of 3096161016?
2, 3, 13, 661, 15013
List the prime factors of 63188493.
3, 239, 88129
List the prime factors of 1058592377.
3407, 310711
List the prime factors of 492175835.
5, 98435167
List the prime factors of 264766277.
264766277
List the prime factors of 2318328359.
43, 59, 283, 3229
What are the prime factors of 9244432?
2, 373, 1549
List the prime factors of 7038648.
2, 3, 29, 3371
What are the prime factors of 138629587?
97, 157, 9103
List the prime factors of 435462377.
7, 62208911
List the prime factors of 210837590.
2, 5, 619, 34061
List the prime factors of 866033383.
73, 11863471
What are the prime factors of 363080143?
363080143
What are the prime factors of 31175816?
2, 7, 71, 7841
List the prime factors of 328890485.
5, 7, 11, 59, 14479
What are the prime factors of 278668521?
3, 73, 523, 811
What are the prime factors of 1600981042?
2, 1777, 450473
What are the prime factors of 116855458?
2, 58427729
What are the prime factors of 15044754?
2, 3, 43, 58313
List the prime factors of 69447558.
2, 3, 11574593
What are the prime factors of 55128222?
2, 3, 1020893
What are the prime factors of 26197160?
2, 5, 11, 59539
List the prime factors of 39441513.
3, 17, 773363
List the prime factors of 38781326.
2, 41, 313, 1511
What are the prime factors of 112963700?
2, 5, 29, 38953
List the prime factors of 95515219.
8269, 11551
List the prime factors of 6720158.
2, 269, 12491
List the prime factors of 1597648465.
5, 7, 45647099
What are the prime factors of 2302395607?
761, 3025487
What are the prime factors of 149570044?
2, 13, 2876347
List the prime factors of 43268275.
5, 421, 4111
List the prime factors of 541053023.
7, 2927, 26407
What are the prime factors of 13358106?
2, 3, 742117
List the prime factors of 1632833272.
2, 7, 17, 245023
List the prime factors of 5541989701.
383, 14469947
What are the prime factors of 721778534?
2, 547, 659761
What are the prime factors of 2734219077?
3, 113, 281, 28703
What are the prime factors of 45895473?
3, 13, 392269
List the prime factors of 1065811167.
3, 10159, 11657
What are the prime factors of 36241750?
2, 5, 144967
What are the prime factors of 3037926747?
3, 31, 32665879
List the prime factors of 39504512.
2, 59, 5231
What are the prime factors of 245709791?
149, 1649059
List the prime factors of 769706500.
2, 5, 23, 66931
What are the prime factors of 806552774?
2, 19, 59, 359747
What are the prime factors of 367480168?
2, 11, 1999, 2089
What are the prime factors of 2834845701?
3, 944948567
List the prime factors of 148477420.
2, 5, 7, 13, 23, 3547
What are the prime factors of 193968785?
5, 499, 77743
List the prime factors of 25452517.
29, 43, 20411
What are the prime factors of 304035509?
304035509
What are the prime factors of 1837131676?
2, 47, 9771977
List the prime factors of 11969263.
11969263
List the prime factors of 1031151255.
3, 5, 68743417
List the prime factors of 2301043660.
2, 5, 59, 1950037
List the prime factors of 267078590.
2, 5, 43, 621113
List the prime factors of 349938532.
2, 277, 315829
What are the prime factors of 529970364?
2, 3, 7, 11, 73, 97
List the prime factors of 65170478.
2, 32585239
What are the prime factors of 492458150?
2, 5, 19, 27283
List the prime factors of 6878052286.
2, 7, 47, 1493281
List the prime factors of 264168722.
2, 132084361
List the prime factors of 49989278.
2, 1429, 17491
List the prime factors of 6961645.
5, 73, 19073
List the prime factors of 78626611.
7, 661, 16993
List the prime factors of 20677323.
3, 73, 263, 359
What are the prime factors of 29359283?
29359283
What are the prime factors of 140657655?
3, 5, 317, 29581
What are the prime factors of 353529777?
3, 9343, 12613
List the prime factors of 4325937594.
2, 3, 11, 19, 31, 257, 433
List the prime factors of 134915327.
11489, 11743
What are the prime factors of 53835486?
2, 3, 2347, 3823
List the prime factors of 1111244246.
2, 7, 467, 24281
What are the prime factors of 1395974949?
3, 23, 67, 71, 4253
List the prime factors of 99207922.
2, 11, 4509451
What are the prime factors of 1226457580?
2, 5, 337, 181967
What are the prime factors of 311719015?
5, 62343803
What are the prime factors of 37429010?
2, 5, 59, 63439
List the prime factors of 94963348.
2, 1031, 23027
List the prime factors of 449493648.
2, 3, 103, 90917
What are the prime factors of 5170248036?
2, 3, 47872667
What are the prime factors of 791617496?
2, 23, 61, 70529
What are the prime factors of 112846435?
5, 13, 1736099
What are the prime factors of 457738960?
2, 5, 7, 109, 7499
What are the prime factors of 4940396817?
3, 2803, 587513
List the prime factors of 1689732560.
2, 5, 29, 728333
What are the prime factors of 814346498?
2, 7, 19, 313, 9781
What are the prime factors of 53426517?
3, 17808839
What are the prime factors of 1035748513?
3539, 292667
What are the prime factors of 1818176081?
4111, 442271
List the prime factors of 6651457521.
3, 2217152507
What are the prime factors of 802844325?
3, 5, 23, 51713
List the prime factors of 74423012.
2, 18605753
What are the prime factors of 23791654?
2, 11895827
List the prime factors of 113959443.
3, 13, 47, 62171
What are the prime factors of 532442053?
11, 13, 953, 3907
List the prime factors of 203171980.
2, 5, 11, 923509
List the prime factors of 50357412.
2, 3, 7, 199831
What are the prime factors of 57744787?
103, 5443
What are the prime factors of 1794550368?
2, 3, 13, 991, 1451
List the prime factors of 64771820.
2, 5, 3238591
List the prime factors of 308814545.
5, 13, 365461
List the prime factors of 1745144152.
2, 218143019
What are the prime factors of 43332198?
2, 3, 7, 13, 19, 4177
List the prime factors of 336084237.
3, 1